inder when o is divided by s(q).
10
Let b(o) = o**2 + 2*o. Let y = -3 + 6. Suppose y*m - 15 = -0*m. What is the remainder when b(2) is divided by m?
3
Let n(r) = -4*r - 2. Calculate the remainder when 7/5 + -1 + 6721/235 is divided by n(-3).
9
Let w = 24 + -8. Let u be 4/(-5)*(-280)/w. Suppose p + p = u. Calculate the remainder when 20 is divided by p.
6
Let o(h) = 13*h**2 + 7*h + 5. Let w(s) = 7*s**2 + 3*s + 3. Let l(d) = -6*o(d) + 11*w(d). Calculate the remainder when l(-7) is divided by 4.
1
Suppose -5*g = 2 - 22. Suppose q - 38 = -2*x, 0 = g*x + 1 - 5. Suppose 0 = 2*b - q + 14. Calculate the remainder when b is divided by 7.
4
Let l(y) = 13 - 13 + 9*y. What is the remainder when 25 is divided by l(1)?
7
Suppose 437 = -27*q + 3137. Calculate the remainder when q is divided by 8.
4
Let j = 35 - -26. Calculate the remainder when j is divided by ((-16)/(-5))/(2/10).
13
Let x(k) = -k + 1. Let f be x(7). Let c(i) = i + 1. Let j(r) = 6*r + 6. Let y(p) = f*j(p) + 33*c(p). What is the remainder when y(-2) is divided by 2?
1
Suppose 4*u - 24 = -4, 0 = 5*y - 3*u - 90. What is the remainder when (-80)/(-4)*(-14)/(-5) is divided by 393/y + (-10)/(-35)?
18
Suppose 0 = -5*n + 5*a + 505, 5*a + 6 = 2*a. Calculate the remainder when n is divided by 10.
9
Suppose 0*v - 2*v + 4 = 0. Suppose -s = -v*l + 4, -5*s + 10 = -6*l + 2*l. Calculate the remainder when 16 is divided by s.
4
Let f(o) = 3 - 5*o + 2*o**2 - o**2 + 3 + 0*o**2. What is the remainder when f(9) is divided by 11?
9
Let d = 5 - 7. Suppose 4*n + 4*j = -0*n + 8, 4*n - 12 = -3*j. Calculate the remainder when ((-34)/(-3))/(d/(-3)) is divided by n.
5
Suppose 3*a = 2*a + 18. Suppose 0 = 7*x - 2*x - 25. Suppose 4*j = 2*z - 20, 20 = x*z - 3*z + 3*j. What is the remainder when a is divided by z?
8
Let y(i) = 2*i + 1. Let b be y(3). Suppose 0 = -6*s + b*s - 17. Suppose -u + 3 = -3*f, 0 = u + 2*f - 6*f - 2. Calculate the remainder when s is divided by u.
5
Let v = 15 - 6. Suppose 27 = 3*d - 2*i - 2*i, d - 3*i = v. Let n(g) = g**3 - 3*g**2 + 3*g - 4. What is the remainder when d is divided by n(3)?
4
Let j(z) = -z**2 - z + 1. Let c be j(1). Let x be c - (-2 + 1)*1. Suppose -m = 4*i - 6, -3*i + 0*i + m + 8 = x. Calculate the remainder when i is divided by 2.
0
Let q(i) = i**2 - 10*i + 27. What is the remainder when (-4)/14 + (-366)/(-7) is divided by q(9)?
16
Let n = 4 - 0. Suppose 101 = v - n*f + 21, -5*f = -5*v + 445. Suppose z - v = -z. Calculate the remainder when z is divided by 12.
10
Suppose -5*y + 2*y = -21. Suppose -5*z = -0 - 95. Calculate the remainder when z is divided by y.
5
Suppose -12 = 5*r + 2*c + 25, 4*c = -3*r - 25. Let o = r + 35. Suppose -4*u + 4*s = -64, 3*s + 48 = 5*u - o. Calculate the remainder when 27 is divided by u.
13
Calculate the remainder when (1 - 2)/1 - -8 is divided by (-4)/26 - 469/(-91).
2
Suppose -5*b - 20 = 0, f - 3*b + b - 8 = 0. Let w = 0 - f. Suppose -2*u - 1 = 4*s - 55, w = 3*s - 4*u - 35. Calculate the remainder when 37 is divided by s.
11
Suppose 4*w + 2*x - 248 = 0, -w - 2*x - 1 = -69. Suppose -2*i - i = -w. Suppose 4*y = i, -p - y + 1 = -5*p. Calculate the remainder when 1 is divided by p.
0
Suppose -30 + 89 = n. Calculate the remainder when 114 is divided by n.
55
Suppose -2*l + 2 = -6. Calculate the remainder when 19 is divided by (-21)/6*l/(-2).
5
Let q(i) = -20*i**3 - 1. Let u be q(-1). Suppose -u - 47 = -3*m. Suppose 50*k - 15 - 385 = 0. Calculate the remainder when m is divided by k.
6
What is the remainder when 34 is divided by 32/(-6)*(-63)/28?
10
Suppose -9*x + 0*x + 198 = 0. Calculate the remainder when x is divided by 15.
7
Suppose -18*y = -4*y - 812. What is the remainder when y is divided by 5?
3
Suppose -8 = -0*x - 4*x. Suppose 5*g = 3*v - 43, 0 = 3*v + x*v - g - 101. Calculate the remainder when v is divided by 12.
9
Suppose 0 = -x + 2, 2*z - 3*x - 24 = -3*z. Suppose 2*c + 0*c = z. Suppose 3*t + c = 0, 52 = g + g - 2*t. Calculate the remainder when g is divided by 13.
12
Let q(g) = -g + 1. Let z be q(4). Calculate the remainder when ((-14)/z)/2*21 is divided by 13.
10
Calculate the remainder when ((-14)/4)/(3/(-66)) is divided by 20.
17
Suppose f - a + 1 - 5 = 0, -14 = -3*f + a. What is the remainder when f is divided by 4?
1
Suppose 4*c - 210 = -3*n, 0 = 5*c - 4*n + 2*n - 274. What is the remainder when c is divided by 19?
16
Let g = 335 - 220. What is the remainder when g is divided by 29?
28
Let y = -8 + 23. Let a(o) = -o**3 - 2*o**2 + o - 2. What is the remainder when a(-4) is divided by y?
11
Let h = 26 - 10. What is the remainder when 61 is divided by h?
13
Let o = 0 + -5. Let q = 10 + o. What is the remainder when q is divided by 2?
1
Suppose 4 = 2*u - 0*u. Suppose 4*i + 7*y - u*y = -8, 2*i + y = 2. Suppose 2*q + i*q - 160 = 0. What is the remainder when q is divided by 11?
10
Let i = -3 + 0. What is the remainder when 7*2 + i + 5 is divided by 9?
7
Let k = -4 + 6. Suppose -3 = 3*u + 3*n, -k*u - 5*n + 0*n - 5 = 0. Let w = u + 3. What is the remainder when 4 is divided by w?
1
Suppose -n = 5*g - 7, -n - 5*g = -3*g - 7. Calculate the remainder when n is divided by 4.
3
Let y(j) = -2*j + 15. Calculate the remainder when 7 is divided by y(6).
1
Suppose -3*l = 4*v - 7*v + 36, -4*v = -3*l - 36. Let k(t) = -2*t - 13. Calculate the remainder when 30 is divided by k(l).
8
Let s(a) = -a + 9. Let o be s(0). Let i be (-237)/o - (-2)/6. Let d = -13 - i. Calculate the remainder when 24 is divided by d.
11
Let s(l) = -l**3 - 10*l**2 - 8*l + 12. Let q be s(-9). Let c(m) = -m**3 + 3*m**2 + 3*m - 4. Calculate the remainder when 9 is divided by c(q).
4
Let o(j) = -j - 8. Calculate the remainder when (1 + 0)/((-2)/(-20)) is divided by o(-12).
2
Calculate the remainder when 3 is divided by (-4)/(-18) + (-200)/(-72).
0
Let c = 6 + -3. What is the remainder when 7 is divided by c?
1
Suppose -2*p - 12 = -4*j + 36, 5*p - 24 = -2*j. Calculate the remainder when 22 is divided by j.
10
Suppose 0 = -w + y + 2, -5*w = y + 3*y - 10. What is the remainder when 2 is divided by w?
0
Let y(a) = -2*a. What is the remainder when (-7)/(63/(-150))*(-6)/(-4) is divided by y(-7)?
11
Let j(z) = -z**3 + 14*z**2 - 8*z - 16. Let c(k) = k**2 + 9*k + 3. What is the remainder when j(13) is divided by c(-10)?
10
Let v(x) = -3*x + 3. Let y be (18/15)/((-6)/15). Calculate the remainder when 35 is divided by v(y).
11
Let z = -7 + 14. Let v = -4 + z. Suppose 4*m - 15 = v*m. What is the remainder when 59 is divided by m?
14
Let r(n) = 5*n - 2. Suppose 4*l + 25 = -4*q + 69, 5 = 5*q - 5*l. Suppose 0 = 3*f + q, 0 = p + 4*f - 5 + 1. What is the remainder when r(7) is divided by p?
9
Let p(x) = -10*x - 7. Let y(u) = 9*u + 6. Let j(l) = 5*p(l) + 6*y(l). Let s(v) = -v**3 - 3*v**2 - v - 1. Calculate the remainder when j(1) is divided by s(-3).
1
Let j(b) = 8*b - 6. Suppose -2*h + 20 = 2*h. Let i = 13 + h. Calculate the remainder when j(5) is divided by i.
16
What is the remainder when 7 is divided by (-3)/(6 - 3)*-5?
2
Suppose 5*v - 40 + 15 = 0. Suppose -36 = 2*r - v*r. Calculate the remainder when r is divided by 7.
5
Suppose 2*u - 3*u + 27 = 0. Suppose 6 = m - 8. What is the remainder when u is divided by m?
13
Suppose -5*i + 180 = -265. What is the remainder when i is divided by 13?
11
Let r = 96 - 165. Let l = 103 + r. What is the remainder when 66 is divided by l?
32
Let u(y) = 9*y**2 + 2*y + 1. Let t be u(-1). Suppose -38 + t = -3*s. Suppose 3*a + 0*a = 12. Calculate the remainder when s is divided by a.
2
Suppose 0 = 3*a - 4*a + 2. Suppose a*z = 3*z - 12. What is the remainder when (-67)/(-3) + 1/(-3) is divided by z?
10
Let s = -8 + -3. Suppose -2*v + 6*v - 4*a - 116 = 0, 3*a = 6. What is the remainder when v is divided by 0/(1 - -1) - s?
9
Let n(k) = -2*k - 8. Let s be 1*3*(2 + -4). Let m be n(s). What is the remainder when (-8)/(-1) + m/(-2) is divided by 4?
2
What is the remainder when 9 is divided by (5/(-10))/(-1 - 6/(-8))?
1
Suppose -5*m + 70 = -200. What is the remainder when m is divided by 11?
10
Let v = 18 + -10. Suppose 0 = 3*y - v*y. Suppose -3*r + 1 + 29 = y. Calculate the remainder when 17 is divided by r.
7
Let c(a) = 19*a + 2. Let f = 1 + 2. Let i be (1*4)/(5 - f). What is the remainder when c(i) is divided by 14?
12
Suppose 6*i - 84 = 4*i. Let c(k) = -k + 3. Let j be c(-5).